{"id":2208,"date":"2019-09-09T15:03:07","date_gmt":"2019-09-09T15:03:07","guid":{"rendered":"http:\/\/vullietemilie.com\/?page_id=2208"},"modified":"2023-10-08T23:08:21","modified_gmt":"2023-10-08T23:08:21","slug":"about","status":"publish","type":"page","link":"https:\/\/vullietemilie.com\/index.php\/about\/","title":{"rendered":"\u00c0 propos"},"content":{"rendered":"<p><div class=\"fusion-fullwidth fullwidth-box fusion-builder-row-1 nonhundred-percent-fullwidth non-hundred-percent-height-scrolling fusion-equal-height-columns fusion-no-small-visibility fusion-no-medium-visibility\" style=\"--awb-border-radius-top-left:0px;--awb-border-radius-top-right:0px;--awb-border-radius-bottom-right:0px;--awb-border-radius-bottom-left:0px;--awb-padding-bottom:6%;--awb-flex-wrap:wrap;\" ><div class=\"fusion-builder-row fusion-row\"><div class=\"fusion-layout-column fusion_builder_column fusion-builder-column-0 fusion_builder_column_1_2 1_2 fusion-one-half fusion-column-first fusion-animated\" style=\"--awb-padding-top:20px;--awb-padding-bottom:20px;--awb-bg-size:cover;--awb-border-color:#f1f1f1;--awb-border-top:0;--awb-border-style:solid;--awb-margin-top:0px;--awb-margin-bottom:0px;width:50%;width:calc(50% - ( ( 3% ) * 0.5 ) );margin-right: 3%;\" data-animationType=\"fadeInLeft\" data-animationDuration=\"0.8\" data-animationOffset=\"top-into-view\"><div class=\"fusion-column-wrapper fusion-column-has-shadow fusion-flex-column-wrapper-legacy\"><div class=\"fusion-column-content-centered\"><div class=\"fusion-column-content\"><div class=\"fusion-text fusion-text-1 caption\"><p>\u00c0 propos<\/p>\n<\/div><div class=\"fusion-sep-clear\"><\/div><div class=\"fusion-separator fusion-full-width-sep\" style=\"margin-left: auto;margin-right: auto;margin-bottom:5%;width:100%;\"><\/div><div class=\"fusion-sep-clear\"><\/div><div class=\"fusion-title title fusion-title-1 fusion-sep-none fusion-title-text fusion-title-size-two\" style=\"--awb-margin-top:6%;--awb-margin-bottom:6%;\"><h2 class=\"fusion-title-heading title-heading-left fusion-responsive-typography-calculated\" style=\"margin:0;--fontSize:72;line-height:1.28;\"><p>Emilie<br \/>\nVulliet<\/p><\/h2><\/div><div class=\"fusion-text fusion-text-2\"><p><span style=\"color: #606060;\"><em>27 ans, graphiste avec formation en Direction Artistique, <\/em><\/span><em><span style=\"color: #606060;\">employ\u00e9e depuis plus de 3 ans en agence \u00e0 Gen\u00e8ve (CH)<\/span><\/em><\/p>\n<\/div><div class=\"fusion-sep-clear\"><\/div><div class=\"fusion-separator fusion-full-width-sep\" style=\"margin-left: auto;margin-right: auto;margin-bottom:13%;width:100%;\"><\/div><div class=\"fusion-sep-clear\"><\/div><div class=\"fusion-sep-clear\"><\/div><div class=\"fusion-separator fusion-clearfix\" style=\"float:left;margin-top:2%;margin-bottom:5%;width:100%;max-width:40px;\"><div class=\"fusion-separator-border sep-single sep-solid\" style=\"--awb-height:20px;--awb-amount:20px;--awb-sep-color:#a8bbbf;border-color:#a8bbbf;border-top-width:3px;\"><\/div><\/div><div class=\"fusion-sep-clear\"><\/div><\/div><\/div><div class=\"fusion-clearfix\"><\/div><\/div><\/div><div class=\"fusion-layout-column fusion_builder_column fusion-builder-column-1 fusion_builder_column_1_2 1_2 fusion-one-half fusion-column-last fusion-animated\" style=\"--awb-overflow:hidden;--awb-bg-image:url(&#039;http:\/\/vullietemilie.com\/wp-content\/uploads\/2023\/10\/about-site.png&#039;);--awb-bg-position:center center;--awb-bg-size:cover;--awb-border-radius:0px 0px 0px 100px;--awb-margin-top:0px;--awb-margin-bottom:0px;width:50%;width:calc(50% - ( ( 3% ) * 0.5 ) );\" data-animationType=\"fadeInRight\" data-animationDuration=\"0.8\" data-animationOffset=\"top-into-view\" data-motion-effects=\"[{&quot;type&quot;:&quot;&quot;,&quot;scroll_type&quot;:&quot;transition&quot;,&quot;scroll_direction&quot;:&quot;up&quot;,&quot;transition_speed&quot;:&quot;1&quot;,&quot;fade_type&quot;:&quot;in&quot;,&quot;scale_type&quot;:&quot;up&quot;,&quot;initial_scale&quot;:&quot;1&quot;,&quot;max_scale&quot;:&quot;1.5&quot;,&quot;min_scale&quot;:&quot;0.5&quot;,&quot;initial_rotate&quot;:&quot;0&quot;,&quot;end_rotate&quot;:&quot;30&quot;,&quot;initial_blur&quot;:&quot;0&quot;,&quot;end_blur&quot;:&quot;3&quot;,&quot;start_element&quot;:&quot;top&quot;,&quot;start_viewport&quot;:&quot;bottom&quot;,&quot;end_element&quot;:&quot;bottom&quot;,&quot;end_viewport&quot;:&quot;top&quot;,&quot;mouse_effect&quot;:&quot;track&quot;,&quot;mouse_effect_direction&quot;:&quot;opposite&quot;,&quot;mouse_effect_speed&quot;:&quot;2&quot;,&quot;infinite_animation&quot;:&quot;float&quot;,&quot;infinite_animation_speed&quot;:&quot;2&quot;}]\" data-scroll-devices=\"small-visibility,medium-visibility,large-visibility\"><div class=\"fusion-column-wrapper fusion-column-has-shadow fusion-flex-column-wrapper-legacy fusion-empty-column-bg-image fusion-column-has-bg-image\" data-bg-url=\"http:\/\/vullietemilie.com\/wp-content\/uploads\/2023\/10\/about-site.png\"><div class=\"fusion-column-content-centered\"><div class=\"fusion-column-content\"><img class=\"fusion-empty-dims-img-placeholder fusion-no-large-visibility\" src=\"data:image\/gif;base64,R0lGODlhAQABAAAAACH5BAEKAAEALAAAAAABAAEAAAICTAEAOw==\"><\/div><\/div><div class=\"fusion-clearfix\"><\/div><\/div><\/div><\/div><\/div><div class=\"fusion-fullwidth fullwidth-box fusion-builder-row-2 nonhundred-percent-fullwidth non-hundred-percent-height-scrolling fusion-equal-height-columns fusion-no-large-visibility\" style=\"--awb-border-radius-top-left:0px;--awb-border-radius-top-right:0px;--awb-border-radius-bottom-right:0px;--awb-border-radius-bottom-left:0px;--awb-margin-top:-20px;--awb-flex-wrap:wrap;\" ><div class=\"fusion-builder-row fusion-row\"><div class=\"fusion-layout-column fusion_builder_column fusion-builder-column-2 fusion_builder_column_1_2 1_2 fusion-one-half fusion-column-first fusion-column-inner-bg-wrapper fusion-animated\" style=\"--awb-inner-bg-position:center center;--awb-inner-bg-size:cover;--awb-margin-top:0px;width:48%; margin-right: 3%;\" data-animationType=\"fadeInDown\" data-animationDuration=\"0.8\" data-animationOffset=\"top-into-view\"><span class=\"fusion-column-inner-bg hover-type-zoomout\"><span class=\"fusion-column-anchor\"><span class=\"fusion-column-inner-bg-image\"><\/span><\/span><\/span><div class=\"fusion-column-wrapper fusion-column-has-shadow fusion-flex-column-wrapper-legacy\"><div class=\"fusion-column-content-centered\"><div class=\"fusion-column-content\"><div class=\"fusion-image-element fusion-image-align-center in-legacy-container\" style=\"text-align:center;--awb-aspect-ratio:1 \/ 1;--awb-caption-title-font-family:var(--h2_typography-font-family);--awb-caption-title-font-weight:var(--h2_typography-font-weight);--awb-caption-title-font-style:var(--h2_typography-font-style);--awb-caption-title-size:var(--h2_typography-font-size);--awb-caption-title-transform:var(--h2_typography-text-transform);--awb-caption-title-line-height:var(--h2_typography-line-height);--awb-caption-title-letter-spacing:var(--h2_typography-letter-spacing);\"><div class=\"imageframe-align-center\"><span class=\" fusion-imageframe imageframe-none imageframe-1 hover-type-zoomout has-aspect-ratio\"><img decoding=\"async\" width=\"950\" height=\"1118\" title=\"about-site\" src=\"http:\/\/vullietemilie.com\/wp-content\/uploads\/2023\/10\/about-site.png\" class=\"img-responsive wp-image-2900 img-with-aspect-ratio\" alt srcset=\"https:\/\/vullietemilie.com\/wp-content\/uploads\/2023\/10\/about-site-200x235.png 200w, https:\/\/vullietemilie.com\/wp-content\/uploads\/2023\/10\/about-site-400x471.png 400w, https:\/\/vullietemilie.com\/wp-content\/uploads\/2023\/10\/about-site-600x706.png 600w, https:\/\/vullietemilie.com\/wp-content\/uploads\/2023\/10\/about-site-800x941.png 800w, https:\/\/vullietemilie.com\/wp-content\/uploads\/2023\/10\/about-site.png 950w\" sizes=\"(max-width: 1160px) 100vw, 800px\" \/><\/span><\/div><\/div><\/div><\/div><div class=\"fusion-clearfix\"><\/div><\/div><\/div><div class=\"fusion-layout-column fusion_builder_column fusion-builder-column-3 fusion_builder_column_1_1 1_1 fusion-one-full fusion-column-last fusion-animated\" style=\"--awb-padding-top:20px;--awb-padding-bottom:20px;--awb-bg-size:cover;--awb-border-color:#f1f1f1;--awb-border-top:2px;--awb-border-style:solid;\" data-animationType=\"fadeInDown\" data-animationDuration=\"0.8\" data-animationOffset=\"top-into-view\"><div class=\"fusion-column-wrapper fusion-column-has-shadow fusion-flex-column-wrapper-legacy\"><div class=\"fusion-column-content-centered\"><div class=\"fusion-column-content\"><div class=\"fusion-text fusion-text-3 caption\"><p style=\"text-align: center;\"><span style=\"color: #808080;\">\u00c0 propos<\/span><\/p>\n<\/div><div class=\"fusion-sep-clear\"><\/div><div class=\"fusion-separator fusion-full-width-sep\" style=\"margin-left: auto;margin-right: auto;margin-bottom:7%;width:100%;\"><\/div><div class=\"fusion-sep-clear\"><\/div><div class=\"fusion-title title fusion-title-2 fusion-sep-none fusion-title-center fusion-title-text fusion-title-size-two\" style=\"--awb-margin-top:6%;--awb-margin-bottom:6%;\"><h2 class=\"fusion-title-heading title-heading-center fusion-responsive-typography-calculated\" style=\"margin:0;--fontSize:72;line-height:1.28;\"><p style=\"text-align: center;\">Emilie Vulliet<\/p><\/h2><\/div><div class=\"fusion-sep-clear\"><\/div><div class=\"fusion-separator fusion-full-width-sep\" style=\"margin-left: auto;margin-right: auto;margin-bottom:5%;width:100%;\"><\/div><div class=\"fusion-sep-clear\"><\/div><div class=\"fusion-title title fusion-title-3 fusion-sep-none fusion-title-text fusion-title-size-six\" style=\"--awb-text-color:#676767;--awb-margin-bottom:0px;\"><h6 class=\"fusion-title-heading title-heading-left fusion-responsive-typography-calculated\" style=\"margin:0;--fontSize:16;--minFontSize:16;line-height:1.5;\"><p style=\"text-align: left;\"><span style=\"color: #606060;\"><em>27 ans, graphiste avec formation en Direction Artistique, <\/em><\/span><em><span style=\"color: #606060;\">employ\u00e9e depuis plus de 3 ans en agence \u00e0 Gen\u00e8ve (CH)<\/span><\/em><\/p><\/h6><\/div><div class=\"fusion-sep-clear\"><\/div><div class=\"fusion-separator fusion-full-width-sep\" style=\"margin-left: auto;margin-right: auto;margin-bottom:7%;width:100%;\"><\/div><div class=\"fusion-sep-clear\"><\/div><div class=\"fusion-text fusion-text-4\"><p style=\"text-align: left;\">Depuis mon enfance, j\u2019ai toujours \u00e9t\u00e9 passionn\u00e9e par tout ce qui touche \u00e0 la cr\u00e9ation. Dessiner, bricoler, prendre des photos, exprimer ma personnalit\u00e9 \u00e0 travers diff\u00e9rentes techniques. C\u2019est la raison pour laquelle j\u2019ai d\u00e9but\u00e9 des \u00e9tudes en Direction Artistique apr\u00e8s la Maturit\u00e9 Gymnasiale, \u00e9tudes qui m\u2019ont permis d\u2019obtenir un Bachelor en novembre 2019.<\/p>\n<p style=\"text-align: left;\">Suite \u00e0 cela, j\u2019ai \u00e9t\u00e9 rapidement engag\u00e9e dans une agence de communication 360 \u00e0 Gen\u00e8ve, et j\u2019y travaille en tant que Graphiste depuis f\u00e9vrier 2020.<\/p>\n<p style=\"text-align: left;\">Cela m\u2019a permis de concr\u00e9tiser les diverses comp\u00e9tences que j\u2019avais acquises au cours de ma formation (Suite Adobe, publicit\u00e9, cr\u00e9ation, design, branding, etc.), mais \u00e9galement d\u2019en acqu\u00e9rir d\u2019autres comme la gestion de projet, l\u2019administratif, la collaboration avec les clients\/les prestataires, etc.<\/p>\n<p style=\"text-align: left;\">Si je devais exprimer aujourd\u2019hui pourquoi j\u2019aime ce que je fais, je dirais que c\u2019est avant tout parce que la communication est un domaine passionnant et in\u00e9puisable, mais \u00e9galement parce qu\u2019il permet de faire passer des messages.<\/p>\n<\/div><\/div><\/div><div class=\"fusion-clearfix\"><\/div><\/div><\/div><\/div><\/div><div id=\"biography\" class=\"fusion-container-anchor\"><div class=\"fusion-fullwidth fullwidth-box fusion-builder-row-3 has-pattern-background has-mask-background nonhundred-percent-fullwidth non-hundred-percent-height-scrolling fusion-no-small-visibility\" style=\"--awb-border-radius-top-left:0px;--awb-border-radius-top-right:0px;--awb-border-radius-bottom-right:0px;--awb-border-radius-bottom-left:0px;--awb-padding-top:2%;--awb-padding-bottom:8%;--awb-flex-wrap:wrap;\" ><div class=\"fusion-builder-row fusion-row\"><div class=\"fusion-layout-column fusion_builder_column fusion-builder-column-4 fusion_builder_column_5_6 5_6 fusion-five-sixth fusion-column-first fusion-animated\" style=\"--awb-bg-size:cover;width:83.333333333333%;width:calc(83.333333333333% - ( ( 4% ) * 0.83333333333333 ) );margin-right: 4%;\" data-animationType=\"fadeInDown\" data-animationDuration=\"0.8\" data-animationOffset=\"top-mid-of-view\"><div class=\"fusion-column-wrapper fusion-column-has-shadow fusion-flex-column-wrapper-legacy\"><div class=\"fusion-text fusion-text-5\"><p style=\"text-align: left;\"><span style=\"font-size: 28px; line-height: 1.5em; color: #a8bbbf;\">La communication, le design ainsi que le travail en \u00e9quipe ont toujours \u00e9t\u00e9 pour moi une passion<\/span><\/p>\n<\/div><div class=\"fusion-sep-clear\"><\/div><div class=\"fusion-separator fusion-full-width-sep\" style=\"margin-left: auto;margin-right: auto;margin-bottom:10px;width:100%;\"><\/div><div class=\"fusion-sep-clear\"><\/div><div class=\"fusion-text fusion-text-6\"><p style=\"text-align: left;\">Depuis mon enfance, j\u2019ai toujours \u00e9t\u00e9 passionn\u00e9e par tout ce qui touche \u00e0 la cr\u00e9ation. Dessiner, bricoler, prendre des photos, exprimer ma personnalit\u00e9 \u00e0 travers diff\u00e9rentes techniques. C\u2019est la raison pour laquelle j\u2019ai d\u00e9but\u00e9 des \u00e9tudes en Direction Artistique apr\u00e8s la Maturit\u00e9 Gymnasiale, \u00e9tudes qui m\u2019ont permis d\u2019obtenir un Bachelor en novembre 2019.<\/p>\n<p style=\"text-align: left;\">Suite \u00e0 cela, j\u2019ai \u00e9t\u00e9 rapidement engag\u00e9e dans une agence de communication 360 \u00e0 Gen\u00e8ve, et j\u2019y travaille en tant que Graphiste depuis f\u00e9vrier 2020.<\/p>\n<p style=\"text-align: left;\">Cela m\u2019a permis de concr\u00e9tiser les diverses comp\u00e9tences que j\u2019avais acquises au cours de ma formation (Suite Adobe, publicit\u00e9, cr\u00e9ation, design, branding, etc.), mais \u00e9galement d\u2019en acqu\u00e9rir d\u2019autres comme la gestion de projet, l\u2019administratif, la collaboration avec les clients\/les prestataires, etc.<\/p>\n<p style=\"text-align: left;\">Si je devais exprimer aujourd\u2019hui pourquoi j\u2019aime ce que je fais, je dirais que c\u2019est avant tout parce que la communication est un domaine passionnant et in\u00e9puisable, mais \u00e9galement parce qu\u2019il permet de faire passer des messages.<\/p>\n<\/div><div class=\"fusion-clearfix\"><\/div><\/div><\/div><div class=\"fusion-layout-column fusion_builder_column fusion-builder-column-5 fusion_builder_column_1_6 1_6 fusion-one-sixth fusion-column-last fusion-no-small-visibility fusion-no-medium-visibility\" style=\"--awb-bg-size:cover;width:16.666666666667%;width:calc(16.666666666667% - ( ( 4% ) * 0.16666666666667 ) );\"><div class=\"fusion-column-wrapper fusion-flex-column-wrapper-legacy\"><div class=\"fusion-clearfix\"><\/div><\/div><\/div><\/div><\/div><\/div><\/p>\n","protected":false},"excerpt":{"rendered":"","protected":false},"author":1,"featured_media":0,"parent":0,"menu_order":0,"comment_status":"closed","ping_status":"closed","template":"","meta":{"_themeisle_gutenberg_block_has_review":false},"_links":{"self":[{"href":"https:\/\/vullietemilie.com\/index.php\/wp-json\/wp\/v2\/pages\/2208"}],"collection":[{"href":"https:\/\/vullietemilie.com\/index.php\/wp-json\/wp\/v2\/pages"}],"about":[{"href":"https:\/\/vullietemilie.com\/index.php\/wp-json\/wp\/v2\/types\/page"}],"author":[{"embeddable":true,"href":"https:\/\/vullietemilie.com\/index.php\/wp-json\/wp\/v2\/users\/1"}],"replies":[{"embeddable":true,"href":"https:\/\/vullietemilie.com\/index.php\/wp-json\/wp\/v2\/comments?post=2208"}],"version-history":[{"count":118,"href":"https:\/\/vullietemilie.com\/index.php\/wp-json\/wp\/v2\/pages\/2208\/revisions"}],"predecessor-version":[{"id":2916,"href":"https:\/\/vullietemilie.com\/index.php\/wp-json\/wp\/v2\/pages\/2208\/revisions\/2916"}],"wp:attachment":[{"href":"https:\/\/vullietemilie.com\/index.php\/wp-json\/wp\/v2\/media?parent=2208"}],"curies":[{"name":"wp","href":"https:\/\/api.w.org\/{rel}","templated":true}]}}